llions digit of 2487209?
2
What is the units digit of 16607560?
0
What is the units digit of 52811?
1
What is the ten thousands digit of 335991?
3
What is the ten millions digit of 23368322?
2
What is the units digit of 1006568?
8
What is the hundreds digit of 1444676?
6
What is the hundred thousands digit of 510552?
5
What is the ten thousands digit of 2134880?
3
What is the units digit of 27894?
4
What is the thousands digit of 3503785?
3
What is the thousands digit of 411408?
1
What is the tens digit of 1592621?
2
What is the hundreds digit of 304687?
6
What is the ten thousands digit of 718362?
1
What is the tens digit of 21257?
5
What is the ten thousands digit of 413766?
1
What is the thousands digit of 1583342?
3
What is the millions digit of 1296859?
1
What is the units digit of 2581897?
7
What is the tens digit of 1050749?
4
What is the hundred thousands digit of 1776218?
7
What is the tens digit of 2557181?
8
What is the units digit of 2537230?
0
What is the hundreds digit of 191515?
5
What is the hundred thousands digit of 1135043?
1
What is the thousands digit of 484417?
4
What is the units digit of 78263?
3
What is the hundred thousands digit of 334033?
3
What is the millions digit of 6082752?
6
What is the hundreds digit of 579021?
0
What is the thousands digit of 2351098?
1
What is the units digit of 28852?
2
What is the hundred thousands digit of 9419854?
4
What is the millions digit of 5062437?
5
What is the hundreds digit of 774450?
4
What is the units digit of 23594757?
7
What is the hundreds digit of 1376162?
1
What is the ten thousands digit of 1282006?
8
What is the tens digit of 339633?
3
What is the hundreds digit of 891644?
6
What is the hundred thousands digit of 3400785?
4
What is the hundreds digit of 1888832?
8
What is the units digit of 2214826?
6
What is the tens digit of 475899?
9
What is the tens digit of 587828?
2
What is the units digit of 41439?
9
What is the units digit of 1625036?
6
What is the units digit of 479033?
3
What is the units digit of 129207?
7
What is the thousands digit of 2868593?
8
What is the ten thousands digit of 36438?
3
What is the units digit of 2237195?
5
What is the units digit of 3828505?
5
What is the ten thousands digit of 367914?
6
What is the millions digit of 1203091?
1
What is the hundreds digit of 182920?
9
What is the hundreds digit of 14823945?
9
What is the hundred thousands digit of 3578030?
5
What is the tens digit of 3991539?
3
What is the ten thousands digit of 863093?
6
What is the units digit of 73000?
0
What is the hundreds digit of 3131606?
6
What is the hundred thousands digit of 4909439?
9
What is the ten thousands digit of 294312?
9
What is the hundreds digit of 57573?
5
What is the ten millions digit of 18013597?
1
What is the tens digit of 1469588?
8
What is the hundreds digit of 1875355?
3
What is the hundred thousands digit of 28031377?
0
What is the ten thousands digit of 11904136?
0
What is the tens digit of 67517?
1
What is the units digit of 852030?
0
What is the hundreds digit of 1114272?
2
What is the units digit of 201649?
9
What is the thousands digit of 534630?
4
What is the ten thousands digit of 276294?
7
What is the hundred thousands digit of 245346?
2
What is the ten thousands digit of 1061240?
6
What is the hundreds digit of 4365739?
7
What is the hundred thousands digit of 1527645?
5
What is the thousands digit of 170983?
0
What is the ten thousands digit of 1792070?
9
What is the thousands digit of 7002793?
2
What is the ten thousands digit of 88542?
8
What is the units digit of 2516411?
1
What is the ten thousands digit of 3762132?
6
What is the ten thousands digit of 10446914?
4
What is the millions digit of 2088841?
2
What is the ten thousands digit of 241715?
4
What is the thousands digit of 4251779?
1
What is the tens digit of 19401059?
5
What is the ten thousands digit of 982927?
8
What is the hundreds digit of 731016?
0
What is the thousands digit of 2381175?
1
What is the hundreds digit of 1511415?
4
What is the units digit of 98915?
5
What is the units digit of 418633?
3
What is the hundred thousands digit of 1485486?
4
What is the units digit of 522363?
3
What is the tens digit of 102136?
3
What is the ten millions digit of 18001696?
1
What is the units digit of 162827?
7
What is the tens digit of 32915767?
6
What is the units digit of 2225153?
3
What is the hundred thousands digit of 307772?
3
What is the hundred thousands digit of 15683186?
6
What is the hundred thousands digit of 342024?
3
What is the thousands digit of 5691709?
1
What is the ten thousands digit of 15893480?
9
What is the units digit of 3799320?
0
What is the hundred thousands digit of 812253?
8
What is the hundred thousands digit of 198825?
1
What is the hundred thousands digit of 301039?
3
What is the hundred thousands digit of 107217?
1
What is the units digit of 592102?
2
What is the units digit of 12071?
1
What is the units digit of 743838?
8
What is the hundreds digit of 489975?
9
What is the hundreds digit of 38723?
7
What is the hundreds digit of 22495527?
5
What is the ten thousands digit of 258911?
5
What is the hundred thousands digit of 724403?
7
What is the ten thousands digit of 6409094?
0
What is the hundreds digit of 6848125?
1
What is the units digit of 9491731?
1
What is the tens digit of 28049?
4
What is the tens digit of 396299?
9
What is the ten thousands digit of 71253?
7
What is the ten thousands digit of 3606295?
0
What is the hundreds digit of 146069?
0
What is the tens digit of 756671?
7
What is the thousands digit of 1510?
1
What is the thousands digit of 12862403?
2
What is the ten thousands digit of 160639?
6
What is the thousands digit of 2096945?
6
What is the millions digit of 1020391?
1
What is the thousands digit of 1668952?
8
What is the ten thousands digit of 1004130?
0
What is the tens digit of 109815?
1
What is the hundreds digit of 557912?
9
What is the hundred thousands digit of 253054?
2
What is the thousands digit of 13278242?
8
What is the hundred thousands digit of 7176320?
1
What is the hundreds digit of 1258005?
0
What is the ten millions digit of 17601323?
1
What is the thousands digit of 4814943?
4
What is the ten thousands digit of 8849585?
4
What is the units digit of 2874112?
2
What is the ten thousands digit of 132653?
3
What is the units digit of 278899?
9
What is the hundreds digit of 3628574?
5
What is the millions digit of 1616952?
1
What is the hundreds digit of 6536065?
0
What is the tens digit of 228260?
6
What is the tens digit of 18213?
1
What is the thousands digit of 337483?
7
What is the millions digit of 4576692?
4
What is the tens digit of 2918916?
1
What is the ten millions digit of 12904869?
1
What is the hundreds digit of 476212?
2
What is the tens digit of 19826?
2
What is the thousands digit of 15015058?
5
What is the units digit of 750704?
4
What is the millions digit of 25888931?
5
What is the hundreds digit of 202053?
0
What is the hundreds digit of 602706?
7
What is the millions digit of 3154487?
3
What is the hundred thousands digit of 295588?
2
What is the millions digit of 27709683?
7
What is the ten thousands digit of 998839?
9
What is the ten thousands digit of 6997330?
9
What is the hundreds digit of 38703?
7
What is the tens digit of 400541?
4
What is the tens digit of 288437?
3
What is the tens digit of 331413?
1
What is the millions digit of 4324312?
4
What is the ten thousands digit of 1709903?
0
What is the thousands digit of 2116279?
6
What is the millions digit of 1984511?
1
What is the hundred thousands digit of 271313?
2
What is the hundred thousands digit of 832016?
8
What is the hundred thousands digit of 2846006?
8
What is the hundreds digit of 1427303?
3
What is the ten thousands digit of 600057?
0
What is the thousands digit of 2990562?
0
What is the millions digit of 1553287?
1
What is the units digit of 658416?
6
What is the units digit of 17089?
9
What is the hundred thousands digit of 321756?
3
What is the hundreds digit of 280568?
5
What is the thousands digit of 1256581?
6
What is the thousands digit of 1593394?
3
What is the tens digit of 216122?
2
What is the thousands digit of 229659?
9
What is the thousands digit of 6885295?
5
What is the tens digit of 62